t y be p(-4). Let h be 27/6 + (-1)/y. What are the prime factors of b(h)?
2, 3
Suppose -j = -4*j + 3*c + 72, -4*j = c - 106. What are the prime factors of j?
2, 13
Suppose -k + 0 = -4. Suppose -k = -4*c + 4. List the prime factors of (1 - (-27)/6)*c.
11
Suppose -4*s + 6 = -s - 3*j, 4*s + 2*j - 20 = 0. Suppose 2*q - 12 = s. List the prime factors of q.
2
Suppose t - 3*g = -5*g + 315, -3*g = 3*t - 957. What are the prime factors of t?
17, 19
Suppose 2*l - 45 = -15. What are the prime factors of l?
3, 5
Let z(l) be the first derivative of -l**4/4 - 3*l**3 - 9*l**2/2 + 6*l - 1. What are the prime factors of z(-8)?
2, 7
Suppose 2*g + 4*c = 38, 0 = 4*g + 5*c - 63 - 22. Suppose 0 = 2*k - g - 3. What are the prime factors of k?
2, 7
List the prime factors of (-2066)/(-11) - 1 - 10/(-55).
11, 17
Let a(f) = f**3 + 5*f**2 + 4*f + 1. List the prime factors of a(-3).
7
Let v = 6 - 5. What are the prime factors of (2 - 9/(-3))*v?
5
Let u(q) = 5*q**2 - 3*q - 3. What are the prime factors of u(3)?
3, 11
Suppose -3*c + 44 = -10. List the prime factors of (-31)/(-1) + c/(-6).
2, 7
Let d be 2 - 0 - (-2 - 1). Suppose 1 = 3*i - d. Suppose x + 0*x = i. List the prime factors of x.
2
Suppose -5*u + 19 = -2*j, -4*u + 6 + 2 = 2*j. What are the prime factors of (-3)/6*(-25 - u)?
2, 7
Suppose -4*r + 94 = -2*o - 136, -2*o = 2. What are the prime factors of r?
3, 19
Let z(c) = -c**2 - 8*c - 7. Let s = 17 + -11. Let q = s - 11. List the prime factors of z(q).
2
Let o(n) = -n**2 - 19*n + 10. List the prime factors of o(-15).
2, 5, 7
Let z(o) be the third derivative of -o**5/30 + o**4/12 + o**3/6 - 2*o**2. Let u(s) be the first derivative of z(s). List the prime factors of u(-4).
2, 3
Let n be (4/10)/((-3)/120). List the prime factors of 30/1*n/(-20).
2, 3
Let w be (-1 - -2 - -2)*-3. Let y = -6 - w. List the prime factors of y.
3
Let z(d) = d - 1. Let i be z(7). Let g(h) be the third derivative of h**4/6 - h**3/2 + 2*h**2. What are the prime factors of g(i)?
3, 7
Let w = 1 - -4. Suppose -3*m = -7*m + 8. Suppose w + 7 = m*z. What are the prime factors of z?
2, 3
Suppose -5*m - 5*l = -390, -2*m + 152 = -l - l. What are the prime factors of m?
7, 11
Let y be (3/2)/(6/40). Suppose 2*x = 4*x - y. Let u(v) = -v**2 + 6*v + 1. What are the prime factors of u(x)?
2, 3
Suppose 2*q - 10*q = 2632. List the prime factors of (-2)/(-4) - q/14.
2, 3
List the prime factors of (17 - 18)/((-3 - -2)/90).
2, 3, 5
Let g(p) = 16*p**2 + 1. Let k be g(1). Let h = -12 + k. Suppose 0 = -h*a + a + 3*i + 5, -5*a + i = -20. What are the prime factors of a?
5
Let r = -6 - -4. What are the prime factors of -3*(8/6)/r?
2
Let i = -32 + 68. Suppose 0 = 4*u - 2*u - y - 51, -4*y = -u + i. What are the prime factors of u?
2, 3
Suppose 201 = s + 2*s. List the prime factors of s.
67
Let z be (-5 - -2)*8/(-6). Suppose 0 = -l - 3*l. Suppose l = -0*w - z*w + 44. What are the prime factors of w?
11
Suppose 26*q - 420 = 19*q. What are the prime factors of q?
2, 3, 5
Suppose 4*m = -m + 130. What are the prime factors of m?
2, 13
Let r = 99 - 33. List the prime factors of r.
2, 3, 11
Let u(i) be the third derivative of -i**6/120 + i**5/6 + 11*i**4/24 + i**3 + 3*i**2. What are the prime factors of u(11)?
2, 3
Suppose 5*z + 25 = -0*z - 5*a, 10 = -3*z - 2*a. Suppose -4*r = -z*r. Suppose 2*q = -r*f - 2*f + 2, -5*q = -f - 35. What are the prime factors of q?
2, 3
Suppose 2*q = 6*q - 400. What are the prime factors of q?
2, 5
Let d(i) = 3*i + 180. List the prime factors of d(0).
2, 3, 5
Let w be 5/(-20)*(6 + -2). What are the prime factors of w/4 - (-175)/28?
2, 3
Suppose 36 - 40 = -4*s. What are the prime factors of ((-11)/33)/(s/(-42))?
2, 7
Suppose -5*m + 0*m = -40. Let v = m + -5. Suppose c = v*c - 4. List the prime factors of c.
2
Let n(j) = j - 14. Let q be n(14). Suppose -h + 3*h - 78 = q. List the prime factors of h.
3, 13
Suppose -g + 4*g = -12. Let h(d) = -2*d - 4. Let w be h(g). Suppose -s - w*l = -19, s + 5 = -4*s + 5*l. What are the prime factors of s?
3
Let t(l) = -11 + 0*l + 3*l + l - l. Let b(q) = q + 1. Let a(h) = -5*b(h) + t(h). What are the prime factors of a(-12)?
2
Let x = -12 + 19. Let i = x - 4. Suppose 2*m - 60 = -i*m. What are the prime factors of m?
2, 3
Suppose 0*o + 3*o + 12 = 0. Let s be (-10)/(-15)*(-6)/o. List the prime factors of ((-56)/12)/(s/(-3)).
2, 7
Suppose -4*v + 0*v = 5*l - 64, 3*l - v = 35. Let j = 14 - l. List the prime factors of j.
2
Suppose 0 = -5*k - 3*o + 2*o + 25, -10 = -2*o. Suppose -2*t + 3*t - v = -1, -k*t - 2*v + 20 = 0. What are the prime factors of t?
3
Suppose 4*a = 2*f + 132, -a + 0*a + 3*f + 43 = 0. What are the prime factors of a?
31
List the prime factors of (1872/27)/((-1)/(-3)).
2, 13
Suppose 0*k + 35 = o - 4*k, -5*k + 20 = 0. What are the prime factors of o?
3, 17
Let g(n) = 4*n**3 - 5*n**2 + 2*n + 5. Let q(j) = -5*j**3 + 5*j**2 - 2*j - 5. Let h(a) = 6*g(a) + 5*q(a). List the prime factors of h(-6).
29
List the prime factors of 36/21 + -2 + 1549/7.
13, 17
Suppose 5*t = h + 15, -t - 2*t = -9. Let x = 2 - h. List the prime factors of x.
2
Suppose 22 + 6 = p + 5*d, 3*p + 3*d - 24 = 0. Suppose -3*v = 3*o - 6 - p, -2*v + 4*o = -12. Suppose 0 = v*g - 3 - 21. List the prime factors of g.
2, 3
Let u(a) = -a - 2. Let w(j) = 2. Let v(y) = -2*u(y) - 3*w(y). Let n = 5 + -2. What are the prime factors of v(n)?
2
List the prime factors of 115 + 0/(3 - -1).
5, 23
Let l(b) = -b**3 - b + 1. Let a(g) = g**3 + g**2 - 5*g + 1. Let c(m) = -a(m) + 2*l(m). What are the prime factors of c(-2)?
3, 5
Let g(c) = c**2 - 11*c + 29. What are the prime factors of g(15)?
89
Suppose -o - 4*k + k = -37, -k + 5 = 0. List the prime factors of o.
2, 11
Let n(w) = w**3 - 7*w**2 + 7*w + 2. Let t be n(5). Let h = -18 - -9. Let o = h - t. What are the prime factors of o?
2
Let z = 2 + 0. What are the prime factors of z?
2
Let f(k) = -32*k. Suppose -5*z - 11 = -4*z - 5*c, -4*c + 8 = 0. What are the prime factors of f(z)?
2
Let q(l) = 7*l. What are the prime factors of q(3)?
3, 7
Let w(v) = v. Let y be w(3). Let b be 0 - ((-24)/y)/1. Suppose b = 2*h - 10. What are the prime factors of h?
3
Suppose r - 2 = 2*j, -4*r - 5*j = 6 + 38. Suppose s + 5 = -2*n - 8, -s - 4 = n. List the prime factors of (r/n)/(1/21).
2, 7
Let o(s) = -6*s**2 - 7*s + 1. Let c(n) = n**2 - n. Let v(t) = 5*c(t) + o(t). List the prime factors of v(-9).
2, 7
What are the prime factors of (50/4)/((-6)/(-12))?
5
Let f = -53 - -155. What are the prime factors of f?
2, 3, 17
Suppose -5*s + 805 = 4*x, 31 = -5*x + 6. List the prime factors of s.
3, 5, 11
Suppose 0 = 2*w - x + 3, w + 0 = -5*x - 7. Let a be (10/15)/(w/3). Let d = 7 + a. What are the prime factors of d?
2, 3
Let y(d) = -14*d - 1. List the prime factors of y(-9).
5
What are the prime factors of 95/(-2)*(-16)/8?
5, 19
Let k = -20 - -28. Let c be 210/k - (-7)/(-28). Suppose -u - 2 = -2*u, c = 4*b + u. List the prime factors of b.
2, 3
Suppose 0*v = -5*j + 4*v + 132, 81 = 3*j - 3*v. What are the prime factors of j?
2, 3
Let f be 3/((-4)/4*-1). Suppose -f*d + 61 = -14. What are the prime factors of d?
5
Suppose 3*q = o - 31, 2*q = 2*o - 13 - 45. What are the prime factors of o?
2, 7
Let y(c) = -c**2 + 3*c. Let b be y(5). Let u = 17 + b. What are the prime factors of u?
7
Suppose 0 = 3*k + t - 56, -2*k + 5*k = 5*t + 26. What are the prime factors of k?
17
Let h = -16 + 65. Suppose -21 = -5*a + h. What are the prime factors of a?
2, 7
Let t = 10 - 7. List the prime factors of t.
3
Let y(q) = -q**3 + 7*q**2 - 6*q + 4. Let p be y(6). Suppose -5*u + 16 = p*k, k - u + 5 = 2*k. List the prime factors of k.
3
What are the prime factors of 2/4*(-92)/((-5)/5)?
2, 23
Let n = -661 + 1056. List the prime factors of n.
5, 79
Let u be 4/(-10) + (-10)/(-25). Suppose -4*b - 9 + 29 = u. Suppose -2*k + 5 = -b. List the prime factors of k.
5
Suppose 2*h - 12 = -0*h. List the prime factors of (h/(-9))/(6/(-27)).
3
Suppose g + 28 = 4*a, -a + 2*g - 3 + 17 = 0. What are the prime factors of a?
2, 3
Suppose -w - 1 + 13 = 0. Let q = -21 - -23. Suppose -w = -q*l + 10. List the prime factors of l.
11
Let o be 12*1/((-6)/9). Let w be ((-8)/(-3))/(3/o). Let d = w + 26. List the prime factors of d.
2, 5
Suppose -4*p + 3 + 5 = 0. Suppose -p*s = -s - 8. What are the prime factors of s?
2
Let i(z) = -7*z. Let q be i(